the greatest common factor of 3809 and 208.
13
What is the greatest common factor of 192 and 108736?
64
What is the greatest common divisor of 51901 and 17?
17
What is the greatest common factor of 249746 and 14?
14
Calculate the greatest common divisor of 26 and 25142.
26
What is the greatest common factor of 22714 and 32144?
82
What is the highest common factor of 4864 and 1064?
152
What is the greatest common divisor of 522 and 23508?
18
What is the highest common divisor of 20102 and 380?
38
Calculate the greatest common factor of 10769 and 1089.
121
What is the greatest common divisor of 309808 and 6164?
268
Calculate the greatest common divisor of 19709830 and 271.
271
What is the highest common divisor of 3040 and 467780?
380
What is the highest common divisor of 528 and 1688577?
33
Calculate the highest common divisor of 38442 and 86.
86
Calculate the greatest common factor of 64 and 8192.
64
What is the greatest common divisor of 506241 and 45?
9
Calculate the greatest common factor of 19392 and 347844.
1212
Calculate the greatest common factor of 21216 and 4719.
39
What is the highest common factor of 689824 and 8?
8
What is the highest common factor of 668 and 957077?
167
What is the greatest common divisor of 11 and 8767?
11
What is the highest common factor of 7005 and 272728?
467
Calculate the greatest common divisor of 71266 and 52.
26
Calculate the highest common factor of 456330 and 140.
70
Calculate the greatest common divisor of 6146 and 1064.
14
Calculate the highest common divisor of 141 and 2613.
3
What is the greatest common divisor of 1293630 and 26?
26
Calculate the highest common divisor of 909 and 10738017.
909
What is the greatest common factor of 3 and 500613?
3
What is the greatest common divisor of 3066 and 24654?
42
What is the greatest common factor of 14 and 1017814?
14
What is the highest common divisor of 22320 and 5520?
240
Calculate the highest common factor of 3047468 and 296.
148
Calculate the highest common divisor of 2008 and 80.
8
Calculate the highest common factor of 59 and 1.
1
Calculate the greatest common factor of 798114 and 114.
114
What is the greatest common divisor of 628 and 509308?
628
Calculate the highest common divisor of 4587 and 24603.
417
What is the highest common divisor of 1545 and 28325?
515
Calculate the greatest common factor of 11242 and 4774.
154
What is the highest common divisor of 271133 and 1167?
389
What is the greatest common factor of 4 and 292252?
4
What is the highest common factor of 997136 and 696?
232
What is the highest common divisor of 285 and 32319?
57
Calculate the highest common divisor of 110 and 482845.
55
What is the highest common divisor of 18 and 140?
2
What is the greatest common divisor of 146622 and 48?
6
Calculate the highest common factor of 5239817 and 11.
11
What is the highest common divisor of 1117156 and 92?
92
What is the greatest common divisor of 9725 and 4175?
25
What is the highest common divisor of 11676 and 392?
28
Calculate the highest common divisor of 2806008 and 8.
8
What is the greatest common factor of 30 and 2930?
10
What is the highest common factor of 5031 and 738?
9
What is the highest common factor of 4158 and 216972?
378
Calculate the greatest common divisor of 23865 and 74.
37
What is the highest common divisor of 6 and 88?
2
Calculate the highest common divisor of 4602 and 76518.
78
Calculate the greatest common divisor of 232032 and 464.
16
What is the highest common divisor of 116 and 16228?
4
Calculate the highest common factor of 48 and 17456.
16
Calculate the greatest common factor of 102 and 11598.
6
What is the highest common divisor of 499077 and 3312?
207
Calculate the greatest common divisor of 1279789 and 7.
7
Calculate the highest common factor of 278349 and 3504.
219
Calculate the highest common factor of 5100 and 11700.
300
Calculate the highest common divisor of 1135 and 950.
5
What is the highest common factor of 81 and 19629?
27
Calculate the highest common factor of 44287 and 11055.
67
Calculate the highest common divisor of 904 and 36386.
226
What is the greatest common divisor of 3 and 36807?
3
What is the highest common divisor of 1320 and 474?
6
What is the greatest common divisor of 58 and 1044435?
29
What is the highest common divisor of 1238 and 2264302?
1238
Calculate the greatest common factor of 560786 and 138.
46
Calculate the highest common divisor of 238 and 12002.
34
Calculate the greatest common divisor of 883269 and 36144.
2259
Calculate the greatest common divisor of 2171 and 141616.
167
What is the greatest common divisor of 167 and 577319?
167
What is the highest common divisor of 13054053 and 409?
409
Calculate the highest common factor of 856685 and 155.
155
Calculate the greatest common divisor of 16788 and 288.
12
What is the highest common divisor of 276 and 705548?
92
Calculate the highest common factor of 689 and 74308.
13
Calculate the greatest common factor of 6876 and 384.
12
What is the highest common divisor of 198 and 300674?
22
What is the greatest common factor of 6663 and 66?
3
Calculate the highest common divisor of 198 and 571461.
33
Calculate the highest common factor of 48 and 1041648.
48
What is the highest common factor of 403 and 1333?
31
What is the greatest common divisor of 470885 and 82?
41
What is the greatest common divisor of 39 and 7514?
13
Calculate the highest common factor of 1518 and 125334.
66
Calculate the highest common factor of 940 and 1313415.
235
What is the greatest common factor of 247766 and 469?
67
What is the greatest common divisor of 78938 and 58?
58
Calculate the highest common divisor of 10 and 38164690.
10
Calculate the highest common factor of 1596244 and 4.
4
What is the highest common factor of 13762 and 1134?
14
Calculate the highest common factor of 9703 and 155.
31
What is the highest common factor of 193400 and 120?
40
What is the greatest common divisor of 263646 and 9?
9
Calculate the greatest common divisor of 9976 and 1624.
232
Calculate the greatest common factor of 30094 and 246.
82
What is the highest common divisor of 3454 and 45844?
314
Calculate the greatest common factor of 228 and 191140.
76
Calculate the highest common factor of 130587 and 1102.
551
Calculate the highest common divisor of 8639929 and 214.
107
Calculate the highest common factor of 5992 and 648.
8
What is the greatest common divisor of 114026 and 1606?
1606
What is the greatest common divisor of 257936 and 2256?
752
Calculate the highest common divisor of 1120 and 3488.
32
Calculate the highest common factor of 646870 and 126.
14
Calculate the greatest common divisor of 50674 and 234.
26
Calculate the greatest common factor of 10534 and 3206.
458
What is the greatest common divisor of 1072768 and 1734?
578
What is the highest common factor of 19125 and 1071?
153
Calculate the highest common divisor of 668 and 100.
4
Calculate the highest common factor of 196120 and 40.
40
What is the highest common divisor of 2716639 and 19?
19
What is the highest common factor of 6223554 and 18?
18
Calculate the greatest common divisor of 1019 and 6237299.
1019
What is the highest common factor of 135 and 154975?
5
What is the greatest common factor of 5270 and 51680?
170
Calculate the highest common factor of 46 and 15985.
23
Calculate the highest common factor of 11784 and 408.
24
Calculate the highest common factor of 97 and 900451.
97
Calculate the greatest common factor of 140994 and 54.
54
What is the highest common divisor of 674 and 59?
1
Calculate the highest common factor of 385590 and 120.
30
What is the highest common divisor of 685 and 22879?
137
Calculate the greatest common divisor of 2877 and 115491.
411
What is the greatest common divisor of 1422 and 36?
18
What is the greatest common factor of 134 and 80128?
2
Calculate the greatest common divisor of 1357 and 826.
59
Calculate the highest common divisor of 2624 and 11360.
32
Calculate the highest common factor of 33 and 14242404.
33
What is the greatest common divisor of 426 and 85839?
213
What is the highest common divisor of 3620500 and 1000?
500
What is the greatest common factor of 536813 and 738?
41
Calculate the highest common divisor of 40518 and 72.
18
What is the greatest common fact